 the remainder when 12285 is divided by 205?
190
What is the remainder when 258839 is divided by 40?
39
What is the remainder when 9645 is divided by 385?
20
Calculate the remainder when 519 is divided by 491.
28
Calculate the remainder when 169786 is divided by 225.
136
Calculate the remainder when 486245 is divided by 729.
2
What is the remainder when 24022 is divided by 4?
2
What is the remainder when 2925 is divided by 1985?
940
What is the remainder when 519684 is divided by 219?
216
Calculate the remainder when 782 is divided by 396.
386
What is the remainder when 2690 is divided by 189?
44
What is the remainder when 342114 is divided by 110?
14
Calculate the remainder when 4700 is divided by 2280.
140
Calculate the remainder when 29479 is divided by 182.
177
What is the remainder when 6203 is divided by 47?
46
Calculate the remainder when 6249 is divided by 59.
54
Calculate the remainder when 1079882 is divided by 76.
74
What is the remainder when 58570 is divided by 14640?
10
Calculate the remainder when 2010 is divided by 62.
26
Calculate the remainder when 786 is divided by 316.
154
What is the remainder when 372929 is divided by 38?
35
Calculate the remainder when 20533 is divided by 760.
13
Calculate the remainder when 32879 is divided by 41.
38
Calculate the remainder when 888 is divided by 433.
22
What is the remainder when 76936 is divided by 2959?
2
Calculate the remainder when 5088 is divided by 244.
208
Calculate the remainder when 34961 is divided by 37.
33
What is the remainder when 3858287 is divided by 279?
275
What is the remainder when 142743 is divided by 7?
6
Calculate the remainder when 140188 is divided by 28034.
18
What is the remainder when 15563 is divided by 177?
164
What is the remainder when 3203 is divided by 160?
3
What is the remainder when 10371 is divided by 1170?
1011
Calculate the remainder when 47518 is divided by 4742.
98
Calculate the remainder when 5964 is divided by 23.
7
What is the remainder when 2266 is divided by 2221?
45
What is the remainder when 1007 is divided by 802?
205
Calculate the remainder when 558591 is divided by 22.
11
What is the remainder when 580684 is divided by 4963?
13
Calculate the remainder when 32912 is divided by 2806.
2046
What is the remainder when 44033 is divided by 120?
113
Calculate the remainder when 12259 is divided by 3054.
43
Calculate the remainder when 353848 is divided by 210.
208
What is the remainder when 1088 is divided by 121?
120
What is the remainder when 160533 is divided by 5?
3
What is the remainder when 7036 is divided by 316?
84
What is the remainder when 29689 is divided by 29686?
3
What is the remainder when 372059 is divided by 31?
28
Calculate the remainder when 210039 is divided by 2877.
18
Calculate the remainder when 81535 is divided by 1058.
69
What is the remainder when 18188 is divided by 246?
230
What is the remainder when 173308 is divided by 28883?
10
Calculate the remainder when 2449 is divided by 175.
174
Calculate the remainder when 898318 is divided by 30.
28
Calculate the remainder when 487756 is divided by 1241.
43
Calculate the remainder when 3927 is divided by 1004.
915
Calculate the remainder when 7381806 is divided by 28.
26
What is the remainder when 326618 is divided by 3?
2
What is the remainder when 2294135 is divided by 468?
467
What is the remainder when 12527 is divided by 12457?
70
Calculate the remainder when 3927 is divided by 8.
7
Calculate the remainder when 7953 is divided by 855.
258
What is the remainder when 3411 is divided by 682?
1
What is the remainder when 16010 is divided by 16001?
9
Calculate the remainder when 1321 is divided by 625.
71
What is the remainder when 15405 is divided by 376?
365
Calculate the remainder when 421766 is divided by 174.
164
Calculate the remainder when 11465 is divided by 153.
143
What is the remainder when 1575 is divided by 181?
127
What is the remainder when 1830 is divided by 1709?
121
Calculate the remainder when 92934 is divided by 74.
64
What is the remainder when 2044 is divided by 635?
139
What is the remainder when 10537 is divided by 293?
282
What is the remainder when 320 is divided by 187?
133
What is the remainder when 24884 is divided by 122?
118
What is the remainder when 174874 is divided by 80?
74
Calculate the remainder when 4912 is divided by 2445.
22
Calculate the remainder when 18598 is divided by 1602.
976
What is the remainder when 2740 is divided by 298?
58
What is the remainder when 21868 is divided by 497?
0
Calculate the remainder when 1476 is divided by 484.
24
What is the remainder when 7158 is divided by 1347?
423
Calculate the remainder when 8705 is divided by 339.
230
What is the remainder when 126123 is divided by 584?
563
Calculate the remainder when 370378 is divided by 218.
214
What is the remainder when 1235 is divided by 142?
99
Calculate the remainder when 5193 is divided by 10.
3
Calculate the remainder when 25920 is divided by 1089.
873
Calculate the remainder when 16420 is divided by 2715.
130
What is the remainder when 651 is divided by 9?
3
What is the remainder when 5088 is divided by 1695?
3
Calculate the remainder when 14612 is divided by 289.
162
Calculate the remainder when 1730 is divided by 13.
1
Calculate the remainder when 835428 is divided by 41.
12
Calculate the remainder when 4468 is divided by 1466.
70
Calculate the remainder when 16571 is divided by 325.
321
Calculate the remainder when 40016 is divided by 182.
158
Calculate the remainder when 3633 is divided by 166.
147
Calculate the remainder when 22439 is divided by 11219.
1
What is the remainder when 3624564 is divided by 102?
96
What is the remainder when 822743 is divided by 586?
585
Calculate the remainder when 218437 is divided by 635.
632
What is the remainder when 3690 is divided by 1224?
18
What is the remainder when 137083 is divided by 272?
267
Calculate the remainder when 87940 is divided by 733.
713
What is the remainder when 5446 is divided by 7?
0
Calculate the remainder when 1201 is divided by 297.
13
Calculate the remainder when 9646 is divided by 647.
588
What is the remainder when 20753 is divided by 54?
17
Calculate the remainder when 23957 is divided by 198.
197
Calculate the remainder when 1604 is divided by 562.
480
Calculate the remainder when 3428 is divided by 1400.
628
What is the remainder when 11378 is divided by 3701?
275
Calculate the remainder when 65445 is divided by 21806.
27
What is the remainder when 1685 is divided by 439?
368
Calculate the remainder when 135285 is divided by 73.
16
Calculate the remainder when 941 is divided by 491.
450
Calculate the remainder when 16870 is divided by 81.
22
Calculate the remainder when 1001 is divided by 252.
245
Calculate the remainder when 54250 is divided by 6.
4
Calculate the remainder when 1270555 is divided by 14.
13
Calculate the remainder when 12419 is divided by 179.
68
What is the remainder when 166357 is divided by 83170?
17
Calculate the remainder when 9642 is divided by 24.
18
Calculate the remainder when 190883 is divided by 210.
203
What is the remainder when 3452 is divided by 374?
86
What is the remainder when 1902 is divided by 403?
290
What is the remainder when 9387 is divided by 284?
15
Calculate the remainder when 16445 is divided by 1643.
15
What is the remainder when 5004 is divided by 30?
24
Calculate the remainder when 41733 is divided by 77.
76
What is the remainder when 198066 is divided by 301?
8
What is the remainder when 11522 is divided by 27?
20
What is the remainder when 122647 is divided by 61262?
123
Calculate the remainder when 4335 is divided by 9.
6
What is the remainder when 2272706 is divided by 191?
188
What is the remainder when 530817 is divided by 45?
42
What is the remainder when 1719 is divided by 688?
343
Calculate the remainder when 574 is divided by 554.
20
Calculate the remainder when 141585 is divided by 70787.
11
What is the remainder when 1587935 is divided by 84?
83
Calculate the remainder when 229263 is divided by 13.
8
What is the remainder when 21082 is divided by 114?
106
What is the remainder when 118369 is divided by 190?
189
What is the remainder when 3760 is divided by 19?
17
What is the remainder when 594922 is divided by 7?
6
W